{"id":46,"date":"2021-05-14T11:56:53","date_gmt":"2021-05-14T09:56:53","guid":{"rendered":"http:\/\/www.holmon.se\/sommarteater\/?page_id=46"},"modified":"2025-08-15T16:47:59","modified_gmt":"2025-08-15T14:47:59","slug":"forestallningar","status":"publish","type":"page","link":"https:\/\/www.holmon.se\/sommarteater\/","title":{"rendered":"V\u00e4lkommen!"},"content":{"rendered":"\n<figure class=\"wp-block-image size-large\"><img loading=\"lazy\" decoding=\"async\" width=\"944\" height=\"1024\" src=\"https:\/\/www.holmon.se\/sommarteater\/wp-content\/uploads\/sites\/5\/2025\/04\/29114dea-b839-4ee5-81cc-dd1c39ca7f71-944x1024.jpg\" alt=\"\" class=\"wp-image-584\" srcset=\"https:\/\/www.holmon.se\/sommarteater\/wp-content\/uploads\/sites\/5\/2025\/04\/29114dea-b839-4ee5-81cc-dd1c39ca7f71-944x1024.jpg 944w, https:\/\/www.holmon.se\/sommarteater\/wp-content\/uploads\/sites\/5\/2025\/04\/29114dea-b839-4ee5-81cc-dd1c39ca7f71-276x300.jpg 276w, https:\/\/www.holmon.se\/sommarteater\/wp-content\/uploads\/sites\/5\/2025\/04\/29114dea-b839-4ee5-81cc-dd1c39ca7f71-768x834.jpg 768w, https:\/\/www.holmon.se\/sommarteater\/wp-content\/uploads\/sites\/5\/2025\/04\/29114dea-b839-4ee5-81cc-dd1c39ca7f71-1415x1536.jpg 1415w, https:\/\/www.holmon.se\/sommarteater\/wp-content\/uploads\/sites\/5\/2025\/04\/29114dea-b839-4ee5-81cc-dd1c39ca7f71.jpg 1887w\" sizes=\"auto, (max-width: 944px) 100vw, 944px\" \/><\/figure>\n\n\n\n<h2 class=\"wp-block-heading has-text-align-center\">Extra f\u00f6rest\u00e4llning 2025-09-07 <br>Festikval<\/h2>\n\n\n\n<p class=\"has-text-align-center\">Manus: Tarja LIndkvist<\/p>\n\n\n\n<p class=\"has-text-align-center\">Regi: Nina Simm<\/p>\n\n\n\n<p class=\"has-text-align-center\">F\u00f6rest\u00e4llningen b\u00f6rjar kl 18.00 och ges i Studion p\u00e5 Folkets Hus i Ume\u00e5<\/p>\n\n\n\n<h2 class=\"wp-block-heading has-text-align-center\" id=\"mer-info-kommer-senare\">Biljetter<\/h2>\n\n\n\n<p class=\"has-text-align-center\">Biljetter finns p\u00e5\u00a0Biljettcentrum.com<\/p>\n\n\n\n<p class=\"has-text-align-center\"><\/p>\n\n\n\n<h2 class=\"wp-block-heading has-text-align-center\"> V\u00e4lkomna!<\/h2>\n\n\n\n<hr class=\"wp-block-separator has-alpha-channel-opacity\"\/>\n\n\n\n<p class=\"has-text-align-center\">F\u00f6lj oss p\u00e5 fb: <a href=\"https:\/\/www.facebook.com\/SommarteaterHolmon\" target=\"_blank\" rel=\"noreferrer noopener\">sommarteaterholm\u00f6n<\/a><\/p>\n\n\n\n<p class=\"has-text-align-center\">L\u00e4ngd ca 2 tim 15 min inkl paus<\/p>\n\n\n\n<hr class=\"wp-block-separator has-alpha-channel-opacity\"\/>\n\n\n\n<p class=\"has-text-align-center\">Arrang\u00f6r: Holm\u00f6 Sommarteater i samarbete med Holm\u00f6ns hembygsf\u00f6rening<\/p>\n","protected":false},"excerpt":{"rendered":"<p>Extra f\u00f6rest\u00e4llning 2025-09-07 Festikval Manus: Tarja LIndkvist Regi: Nina Simm F\u00f6rest\u00e4llningen b\u00f6rjar kl 18.00 och ges i Studion p\u00e5 Folkets Hus i Ume\u00e5 Biljetter Biljetter finns p\u00e5\u00a0Biljettcentrum.com V\u00e4lkomna! F\u00f6lj oss p\u00e5 fb: sommarteaterholm\u00f6n L\u00e4ngd ca 2 tim 15 min inkl paus Arrang\u00f6r: Holm\u00f6 Sommarteater i samarbete med Holm\u00f6ns hembygsf\u00f6rening<\/p>\n","protected":false},"author":3,"featured_media":0,"parent":0,"menu_order":0,"comment_status":"closed","ping_status":"closed","template":"","meta":{"footnotes":""},"class_list":["post-46","page","type-page","status-publish","hentry"],"_links":{"self":[{"href":"https:\/\/www.holmon.se\/sommarteater\/wp-json\/wp\/v2\/pages\/46","targetHints":{"allow":["GET"]}}],"collection":[{"href":"https:\/\/www.holmon.se\/sommarteater\/wp-json\/wp\/v2\/pages"}],"about":[{"href":"https:\/\/www.holmon.se\/sommarteater\/wp-json\/wp\/v2\/types\/page"}],"author":[{"embeddable":true,"href":"https:\/\/www.holmon.se\/sommarteater\/wp-json\/wp\/v2\/users\/3"}],"replies":[{"embeddable":true,"href":"https:\/\/www.holmon.se\/sommarteater\/wp-json\/wp\/v2\/comments?post=46"}],"version-history":[{"count":56,"href":"https:\/\/www.holmon.se\/sommarteater\/wp-json\/wp\/v2\/pages\/46\/revisions"}],"predecessor-version":[{"id":634,"href":"https:\/\/www.holmon.se\/sommarteater\/wp-json\/wp\/v2\/pages\/46\/revisions\/634"}],"wp:attachment":[{"href":"https:\/\/www.holmon.se\/sommarteater\/wp-json\/wp\/v2\/media?parent=46"}],"curies":[{"name":"wp","href":"https:\/\/api.w.org\/{rel}","templated":true}]}}

Välkommen!

<figure class="wp-block-image size-large"><img loading="lazy" decoding="async" width="944" height="1024" src="https://www.holmon.se/sommarteater/wp-content/uploads/sites/5/2025/04/29114dea-b839-4ee5-81cc-dd1c39ca7f71-944x1024.jpg" alt="" class="wp-image-584" srcset="https://www.holmon.se/sommarteater/wp-content/uploads/sites/5/2025/04/29114dea-b839-4ee5-81cc-dd1c39ca7f71-944x1024.jpg 944w, https://www.holmon.se/sommarteater/wp-content/uploads/sites/5/2025/04/29114dea-b839-4ee5-81cc-dd1c39ca7f71-276x300.jpg 276w, https://www.holmon.se/sommarteater/wp-content/uploads/sites/5/2025/04/29114dea-b839-4ee5-81cc-dd1c39ca7f71-768x834.jpg 768w, https://www.holmon.se/sommarteater/wp-content/uploads/sites/5/2025/04/29114dea-b839-4ee5-81cc-dd1c39ca7f71-1415x1536.jpg 1415w, https://www.holmon.se/sommarteater/wp-content/uploads/sites/5/2025/04/29114dea-b839-4ee5-81cc-dd1c39ca7f71.jpg 1887w" sizes="auto, (max-width: 944px) 100vw, 944px" /></figure>



<h2 class="wp-block-heading has-text-align-center">Extra föreställning 2025-09-07 <br>Festikval</h2>



<p class="has-text-align-center">Manus: Tarja LIndkvist</p>



<p class="has-text-align-center">Regi: Nina Simm</p>



<p class="has-text-align-center">Föreställningen börjar kl 18.00 och ges i Studion på Folkets Hus i Umeå</p>



<h2 class="wp-block-heading has-text-align-center" id="mer-info-kommer-senare">Biljetter</h2>



<p class="has-text-align-center">Biljetter finns på Biljettcentrum.com</p>



<p class="has-text-align-center"></p>



<h2 class="wp-block-heading has-text-align-center"> Välkomna!</h2>



<hr class="wp-block-separator has-alpha-channel-opacity"/>



<p class="has-text-align-center">Följ oss på fb: <a href="https://www.facebook.com/SommarteaterHolmon" target="_blank" rel="noreferrer noopener">sommarteaterholmön</a></p>



<p class="has-text-align-center">Längd ca 2 tim 15 min inkl paus</p>



<hr class="wp-block-separator has-alpha-channel-opacity"/>



<p class="has-text-align-center">Arrangör: Holmö Sommarteater i samarbete med Holmöns hembygsförening</p>

<p>Extra föreställning 2025-09-07 Festikval Manus: Tarja LIndkvist Regi: Nina Simm Föreställningen börjar kl 18.00 och ges i Studion på Folkets Hus i Umeå Biljetter Biljetter finns på Biljettcentrum.com Välkomna! Följ oss på fb: sommarteaterholmön Längd ca 2 tim 15 min inkl paus Arrangör: Holmö Sommarteater i samarbete med Holmöns hembygsförening</p>
