{"id":35,"date":"2020-02-29T16:07:14","date_gmt":"2020-02-29T15:07:14","guid":{"rendered":"http:\/\/www.holmon.se\/postrodd\/?page_id=35"},"modified":"2024-05-20T21:44:46","modified_gmt":"2024-05-20T19:44:46","slug":"anmalan","status":"publish","type":"page","link":"https:\/\/www.holmon.se\/postrodd\/anmalan\/","title":{"rendered":"Anm\u00e4lan postrodden 2024"},"content":{"rendered":"\n<figure class=\"wp-block-image size-full\"><img loading=\"lazy\" decoding=\"async\" width=\"709\" height=\"352\" src=\"http:\/\/www.holmon.se\/postrodd\/wp-content\/uploads\/sites\/3\/2023\/06\/Holmons_postroddsforening.png\" alt=\"\" class=\"wp-image-97\" srcset=\"https:\/\/www.holmon.se\/postrodd\/wp-content\/uploads\/sites\/3\/2023\/06\/Holmons_postroddsforening.png 709w, https:\/\/www.holmon.se\/postrodd\/wp-content\/uploads\/sites\/3\/2023\/06\/Holmons_postroddsforening-300x149.png 300w\" sizes=\"auto, (max-width: 709px) 100vw, 709px\" \/><\/figure>\n\n\n\n<p class=\"has-medium-font-size\"><strong>Instruktioner f\u00f6r anm\u00e4lning till \u00e5rets postrodd<\/strong><\/p>\n\n\n\n<p>L\u00e4nkar till anm\u00e4lan l\u00e4ngst ner p\u00e5 sidan. <\/p>\n\n\n\n<p>\u00c5rets rodd g\u00e5r av stapeln<strong> l\u00f6rdagen den 29 juni med start i <\/strong>Byvken, Holm\u00f6n klockan 9:00 (10:00 finsk tid) och ankomst i Svedjehamn, Bj\u00f6rk\u00f6. Observera att startplatsen kan \u00e4ndras om sj\u00f6v\u00e4derprognosen \u00e4r mer gynnsam f\u00f6r en rodd i den andra riktningen. Beslutet om startort tas under arrang\u00f6rernas m\u00f6te klockan 18:00 (19:00 finsk tid) torsdagen den 27 juni. Vi har ocks\u00e5 \u00f6ppnat f\u00f6r att kunna skjuta p\u00e5 starten till senare p\u00e5 l\u00f6rdagen eller till s\u00f6ndagen. Allt f\u00f6r \u00f6ka sannolikheten f\u00f6r att rodden genomf\u00f6rs. F\u00f6r att klara denna flexibilitet har arrangerande f\u00f6reningar vidare beslutat att inte inkludera soppmiddag eller \u00f6vernattning i den service som ing\u00e5r. D\u00e4remot serverar vi frukost som vanligt och ni \u00e4r v\u00e4lkomna in p\u00e5 dansen p\u00e5 Bj\u00f6rk\u00f6 efter rodden. Startavgiften \u00e4r 20\u20ac\/200SEK.<\/p>\n\n\n\n<p class=\"has-red-color has-text-color has-link-color wp-elements-ce5c69322ea4da9e8461c4bf6ceeaec3\"><strong><strong>Sista anm\u00e4lningsdag samt sista\u00a0<u>betalningsdag\u00a0<\/u>\u00e4r 17.6.2024, \u00e4r man ej anm\u00e4ld\/ har man ej betalat, blir det ingen rodd!<\/strong><\/strong><\/p>\n\n\n\n<p>Om manskapet inte \u00e4r komplett, skicka \u00e4nd\u00e5 in en anm\u00e4lan i tid d\u00e4r planerat antal personer i postroddsb\u00e5ten framg\u00e5r (inkl. vakanta platser). Undvik att ange namn p\u00e5 personer som med all sannolikhet inte kommer att delta. Genom detta slipper vi fylla i diplom som sedan m\u00e5ste kasseras och kan ist\u00e4llet l\u00e4gga med \u201dblanka\u201d diplom. Samma sak g\u00e4ller f\u00f6r f\u00f6ljeb\u00e5t med bes\u00e4ttning. Vi har krav p\u00e5 f\u00f6ljeb\u00e5t med minst tv\u00e5 bes\u00e4ttningsm\u00e4n. Kompletterande uppgifter kan ni meddela senare. Vi vill d\u00e5 uppmuntra anv\u00e4ndandet av e-post till <strong><u>B\u00c5DE<\/u><\/strong> <a href=\"mailto:gustaf@holmon.com\">gustaf@holmon.com<\/a> och <a href=\"mailto:bjorko.uf@hotmail.com\">bjorko.uf@hotmail.com<\/a>.<\/p>\n\n\n\n<p>Vi samlar som vanligt in namnen p\u00e5 roddarna f\u00f6r v\u00e5r roddarstatistik i anm\u00e4lningsblanketten, men p.g.a. GDPR ber vi nu ocks\u00e5 om godk\u00e4nnande att uppgifterna samlas in och sparas f\u00f6r detta \u00e4ndam\u00e5l. Vet du om eventuella fel i statistiken fr\u00e5n tidigare \u00e5r f\u00e5r du g\u00e4rna h\u00f6ra av dig s\u00e5 uppdaterar vi v\u00e5ra filer.<\/p>\n\n\n\n<p>Vi vill samtidigt passa p\u00e5 att tipsa om Facebookgruppen <strong>Postrodden Holm\u00f6n-Bj\u00f6rk\u00f6by <\/strong>som uppr\u00e4tth\u00e5lls av arrang\u00f6rerna.D\u00e4r kan ni diskutera saker som ber\u00f6r rodden, eller t.ex. efterlysa roddare, b\u00e5tlag, f\u00f6ljeb\u00e5tar, kl\u00e4der m.m.<\/p>\n\n\n\n<p><strong>V\u00e4lkomna till \u00e5rets rodd!<\/strong><\/p>\n\n\n\n<p>Holm\u00f6ns Postoddsf\u00f6rening&nbsp;&nbsp;&nbsp;&nbsp;&nbsp;&nbsp;&nbsp;&nbsp;&nbsp;&nbsp;&nbsp;&nbsp;&nbsp;&nbsp;&nbsp;&nbsp;&nbsp;&nbsp;&nbsp;&nbsp;&nbsp;&nbsp;&nbsp;&nbsp;&nbsp;&nbsp;&nbsp;&nbsp;&nbsp;&nbsp;&nbsp;&nbsp;&nbsp; Bj\u00f6rk\u00f6 Ungdomsf\u00f6rening Stj\u00e4rnan<\/p>\n\n\n\n<p class=\"has-red-color has-text-color has-link-color has-medium-font-size wp-elements-524fb17d380a91d084162073fe0bbaaf\"><strong><a href=\"https:\/\/forms.office.com\/r\/jaghipYyyy\">L\u00e4nk till digital anm\u00e4lan<\/a><\/strong><\/p>\n\n\n\n<p><\/p>\n\n\n\n<p><\/p>\n","protected":false},"excerpt":{"rendered":"<p>Instruktioner f\u00f6r anm\u00e4lning till \u00e5rets postrodd L\u00e4nkar till anm\u00e4lan l\u00e4ngst ner p\u00e5 sidan. \u00c5rets rodd g\u00e5r av stapeln l\u00f6rdagen den 29 juni med start i Byvken, Holm\u00f6n klockan 9:00 (10:00 finsk tid) och ankomst i Svedjehamn, Bj\u00f6rk\u00f6. Observera att startplatsen kan \u00e4ndras om sj\u00f6v\u00e4derprognosen \u00e4r mer gynnsam f\u00f6r en rodd i den andra riktningen. Beslutet &hellip; <a href=\"https:\/\/www.holmon.se\/postrodd\/anmalan\/\" class=\"more-link\">Forts\u00e4tt l\u00e4sa <span class=\"screen-reader-text\">Anm\u00e4lan postrodden 2024<\/span> <span class=\"meta-nav\">&rarr;<\/span><\/a><\/p>\n","protected":false},"author":104,"featured_media":0,"parent":0,"menu_order":0,"comment_status":"closed","ping_status":"closed","template":"","meta":{"footnotes":""},"class_list":["post-35","page","type-page","status-publish","hentry"],"_links":{"self":[{"href":"https:\/\/www.holmon.se\/postrodd\/wp-json\/wp\/v2\/pages\/35","targetHints":{"allow":["GET"]}}],"collection":[{"href":"https:\/\/www.holmon.se\/postrodd\/wp-json\/wp\/v2\/pages"}],"about":[{"href":"https:\/\/www.holmon.se\/postrodd\/wp-json\/wp\/v2\/types\/page"}],"author":[{"embeddable":true,"href":"https:\/\/www.holmon.se\/postrodd\/wp-json\/wp\/v2\/users\/104"}],"replies":[{"embeddable":true,"href":"https:\/\/www.holmon.se\/postrodd\/wp-json\/wp\/v2\/comments?post=35"}],"version-history":[{"count":5,"href":"https:\/\/www.holmon.se\/postrodd\/wp-json\/wp\/v2\/pages\/35\/revisions"}],"predecessor-version":[{"id":117,"href":"https:\/\/www.holmon.se\/postrodd\/wp-json\/wp\/v2\/pages\/35\/revisions\/117"}],"wp:attachment":[{"href":"https:\/\/www.holmon.se\/postrodd\/wp-json\/wp\/v2\/media?parent=35"}],"curies":[{"name":"wp","href":"https:\/\/api.w.org\/{rel}","templated":true}]}}