{"id":20,"date":"2020-02-29T15:51:30","date_gmt":"2020-02-29T14:51:30","guid":{"rendered":"http:\/\/www.holmon.se\/postrodd\/?page_id=20"},"modified":"2020-02-29T15:51:30","modified_gmt":"2020-02-29T14:51:30","slug":"regler-for-postrodden","status":"publish","type":"page","link":"https:\/\/www.holmon.se\/postrodd\/regler-for-postrodden\/","title":{"rendered":"Regler f\u00f6r postrodden"},"content":{"rendered":"\n<ul class=\"wp-block-list\"><li>Postrodden \u00f6ver Kvarken mellan Bj\u00f6rk\u00f6 i Finland och Holm\u00f6n i Sverige \u00e4r en folkfest, som arrangeras varje sommar f\u00f6rsta l\u00f6rdagen efter midsommar. Syftet med Postrodden \u00e4r att \u00e5teruppliva den historiska v\u00e4gen \u00f6ver Kvarken, att hedra minnet av de Bj\u00f6rk\u00f6- och Holm\u00f6bor som under \u00e5rhundraden transporterade resande och post \u00f6ver Kvarken samt att v\u00e4rna om allmogekulturen och befr\u00e4mja samarbetet i Kvarkenregionen. Postrodden \u00e4r ingen t\u00e4vling.<\/li><li>Postrodden \u00e4r \u00f6ppen f\u00f6r traditionella (gamla eller nya) i tr\u00e4 byggda seglande bruksb\u00e5tar, sk allmogeb\u00e5tar.<\/li><li>B\u00e5ten skall vara \u00f6ppen och klinkbyggd. Inga plastade skrov \u00e4r till\u00e5tna. B\u00e5tens minsta till\u00e5tna l\u00e4ngd \u00e4r 20 fot eller 6 meter. Minsta till\u00e5tna bredd 180 cm.<\/li><li>B\u00e5ten skall vara l\u00e5ngk\u00f6lad, k\u00f6len skall vara gjord av tr\u00e4 utan tyngdtillsatser. Barlast f\u00e5r anv\u00e4ndas.<\/li><li>B\u00e5ten f\u00e5r framf\u00f6ras endast med \u00e5ror och \/eller segel.<\/li><li>B\u00e5ten skall vara riggad med traditionell allmogerigg (r\u00e5segel, sprisegel eller gaffelsegel). Segelytan f\u00e5r inte vara st\u00f6rre \u00e4n vad som \u00e4r normalt f\u00f6r b\u00e5ttypen. Bomullssegel prioriteras, men \u00e4ven andra material godk\u00e4nnes.<\/li><li>B\u00e5ten skall \u00e4ven i \u00f6vrigt vara utrustad p\u00e5 traditionellt s\u00e4tt.<\/li><li>I b\u00e5ten skall finnas: minst 5 \u00e5ror, kompass, sj\u00f6kort \u00f6ver Kvarken, \u00f6skar, pyts eller pump, dragg med lina, b\u00e5tshake, signalhorn, signalbloss, radarreflektor (40 cm vertikalt), som skall vara monterad i masttoppen vid start, och flytv\u00e4star f\u00f6r hela manskapet.<\/li><li>Varje deltagande postroddsb\u00e5t skall ha egen anm\u00e4ld namngiven f\u00f6ljeb\u00e5t med minst 2 mans bes\u00e4ttning. F\u00f6ljeb\u00e5ten ska ha kapacitet att ta med hela manskapet ombord.<\/li><li>B\u00e5ten och f\u00f6ljeb\u00e5ten skall ha nummerskylt (30\u00d740 cm med samma nummer skrivet p\u00e5 vit botten p\u00e5 b\u00e5da sidor alternativt tv\u00e5 skyltar) som f\u00e4stes p\u00e5 rodret av postroddsb\u00e5ten och p\u00e5 v\u00e4l synlig plats p\u00e5 f\u00f6ljeb\u00e5ten.<\/li><li>Mellan postroddsb\u00e5t och f\u00f6ljeb\u00e5t skall kommunikationsm\u00f6jligheter finnas med hj\u00e4lp av mobiltelefon, kommunikationsradio eller walkie-talkie. T\u00e4nk p\u00e5 att det kan vara problem med mobilt\u00e4ckning mitt ute i Kvarken.<\/li><li>Reklam f\u00e5r inte f\u00f6rekomma p\u00e5 b\u00e5t, segel eller manskap under rodden.<\/li><li>Manskapet skall best\u00e5 av minst fem personer (blandade b\u00e5tlag godk\u00e4nnes \u00e4ven).<\/li><li>Manskapet skall s\u00e5 l\u00e5ngt som m\u00f6jligt vara kl\u00e4dd och utrustad p\u00e5 traditionellt allmoges\u00e4tt (1800-talet).<\/li><li>Manskapet svarar sj\u00e4lv f\u00f6r sin och b\u00e5tens utrustning och s\u00e4kerhet.<\/li><li>Under Postrodden till\u00e4mpas de allm\u00e4nna sj\u00f6v\u00e4gsreglerna.<\/li><li>Varje deltagare som fullf\u00f6ljt Postrodden tilldelas ett diplom.<\/li><li>B\u00e5tlagen f\u00f6rbinder sig att f\u00f6lja reglerna f\u00f6r rodden, s\u00e4kerhetsf\u00f6reskrifterna och de anvisningar som arrang\u00f6rerna l\u00e4mnar.&nbsp;<\/li><\/ul>\n","protected":false},"excerpt":{"rendered":"<p>Postrodden \u00f6ver Kvarken mellan Bj\u00f6rk\u00f6 i Finland och Holm\u00f6n i Sverige \u00e4r en folkfest, som arrangeras varje sommar f\u00f6rsta l\u00f6rdagen efter midsommar. Syftet med Postrodden \u00e4r att \u00e5teruppliva den historiska v\u00e4gen \u00f6ver Kvarken, att hedra minnet av de Bj\u00f6rk\u00f6- och Holm\u00f6bor som under \u00e5rhundraden transporterade resande och post \u00f6ver Kvarken samt att v\u00e4rna om allmogekulturen &hellip; <a href=\"https:\/\/www.holmon.se\/postrodd\/regler-for-postrodden\/\" class=\"more-link\">Forts\u00e4tt l\u00e4sa <span class=\"screen-reader-text\">Regler f\u00f6r postrodden<\/span> <span class=\"meta-nav\">&rarr;<\/span><\/a><\/p>\n","protected":false},"author":3,"featured_media":0,"parent":0,"menu_order":0,"comment_status":"closed","ping_status":"closed","template":"","meta":{"footnotes":""},"class_list":["post-20","page","type-page","status-publish","hentry"],"_links":{"self":[{"href":"https:\/\/www.holmon.se\/postrodd\/wp-json\/wp\/v2\/pages\/20","targetHints":{"allow":["GET"]}}],"collection":[{"href":"https:\/\/www.holmon.se\/postrodd\/wp-json\/wp\/v2\/pages"}],"about":[{"href":"https:\/\/www.holmon.se\/postrodd\/wp-json\/wp\/v2\/types\/page"}],"author":[{"embeddable":true,"href":"https:\/\/www.holmon.se\/postrodd\/wp-json\/wp\/v2\/users\/3"}],"replies":[{"embeddable":true,"href":"https:\/\/www.holmon.se\/postrodd\/wp-json\/wp\/v2\/comments?post=20"}],"version-history":[{"count":1,"href":"https:\/\/www.holmon.se\/postrodd\/wp-json\/wp\/v2\/pages\/20\/revisions"}],"predecessor-version":[{"id":22,"href":"https:\/\/www.holmon.se\/postrodd\/wp-json\/wp\/v2\/pages\/20\/revisions\/22"}],"wp:attachment":[{"href":"https:\/\/www.holmon.se\/postrodd\/wp-json\/wp\/v2\/media?parent=20"}],"curies":[{"name":"wp","href":"https:\/\/api.w.org\/{rel}","templated":true}]}}