{"id":301,"date":"2025-01-26T21:27:04","date_gmt":"2025-01-26T20:27:04","guid":{"rendered":"https:\/\/www.holmon.se\/hgef\/?page_id=301"},"modified":"2025-01-26T21:27:04","modified_gmt":"2025-01-26T20:27:04","slug":"behandling-av-personuppgifter","status":"publish","type":"page","link":"https:\/\/www.holmon.se\/hgef\/behandling-av-personuppgifter\/","title":{"rendered":"Behandling av personuppgifter"},"content":{"rendered":"\n<p><strong>Holm\u00f6ns Garageintressenter ekonomisk f\u00f6rening<\/strong><\/p>\n\n\n\n<p>Organisationsnummer: 716415-2576<\/p>\n\n\n\n<p><strong>1. Inledning<\/strong> Holm\u00f6ns Garageintressenter ekonomisk f\u00f6rening (h\u00e4danefter &#8221;f\u00f6reningen&#8221;) \u00e4r m\u00e5n om att skydda dina personuppgifter och behandla dem i enlighet med g\u00e4llande lagstiftning, inklusive dataskyddsf\u00f6rordningen (GDPR). Denna policy beskriver hur vi hanterar personuppgifter i v\u00e5rt medlemsregister.<\/p>\n\n\n\n<p><strong>2. Personuppgifter som behandlas<\/strong> F\u00f6reningen behandlar f\u00f6ljande personuppgifter om sina medlemmar samt personer som hyr parkeringsplats av f\u00f6reningen:<\/p>\n\n\n\n<ul class=\"wp-block-list\">\n<li>Namn<\/li>\n\n\n\n<li>Adress<\/li>\n\n\n\n<li>Telefonnummer<\/li>\n\n\n\n<li>E-postadress<\/li>\n\n\n\n<li>Personnummer<\/li>\n<\/ul>\n\n\n\n<p><strong>3. Syftet med behandlingen<\/strong> F\u00f6reningen behandlar personuppgifter f\u00f6r att:<\/p>\n\n\n\n<ul class=\"wp-block-list\">\n<li>Administrera medlemskap och del\u00e4garskap i f\u00f6reningen.<\/li>\n\n\n\n<li>Uppfylla de skyldigheter som f\u00f6ljer av lagen om ekonomiska f\u00f6reningar.<\/li>\n\n\n\n<li>Kommunicera med medlemmar g\u00e4llande f\u00f6reningens verksamhet och viktiga beslut.<\/li>\n<\/ul>\n\n\n\n<p><strong>4. Laglig grund f\u00f6r behandlingen<\/strong> Behandlingen av personuppgifter \u00e4r n\u00f6dv\u00e4ndig f\u00f6r att:<\/p>\n\n\n\n<ul class=\"wp-block-list\">\n<li>Fullg\u00f6ra det avtal som uppst\u00e5r mellan medlemmen och f\u00f6reningen vid intr\u00e4de i f\u00f6reningen.<\/li>\n\n\n\n<li>Uppfylla f\u00f6reningens r\u00e4ttsliga f\u00f6rpliktelser enligt lag.<\/li>\n<\/ul>\n\n\n\n<p><strong>5. S\u00e4kerhet och lagring av personuppgifter<\/strong> F\u00f6reningen vidtar l\u00e4mpliga tekniska och organisatoriska \u00e5tg\u00e4rder f\u00f6r att skydda dina personuppgifter. Detta innefattar bland annat att:<\/p>\n\n\n\n<ul class=\"wp-block-list\">\n<li>Begr\u00e4nsa \u00e5tkomst till medlemsregistret till beh\u00f6riga personer.<\/li>\n\n\n\n<li>Lagra uppgifterna p\u00e5 ett s\u00e4kert s\u00e4tt.<\/li>\n<\/ul>\n\n\n\n<p>Personuppgifter lagras endast s\u00e5 l\u00e4nge de \u00e4r n\u00f6dv\u00e4ndiga f\u00f6r att uppfylla ovanst\u00e5ende syften och i enlighet med g\u00e4llande lagar och regler.<\/p>\n\n\n\n<p><strong>6. Delning av personuppgifter<\/strong> F\u00f6reningen delar inte dina personuppgifter med tredje part, om det inte kr\u00e4vs enligt lag eller \u00e4r n\u00f6dv\u00e4ndigt f\u00f6r att uppfylla f\u00f6reningens skyldigheter.<\/p>\n\n\n\n<p><strong>7. Dina r\u00e4ttigheter<\/strong> Som medlem har du r\u00e4tt att:<\/p>\n\n\n\n<ul class=\"wp-block-list\">\n<li>F\u00e5 tillg\u00e5ng till dina personuppgifter.<\/li>\n\n\n\n<li>Beg\u00e4ra r\u00e4ttelse av felaktiga eller ofullst\u00e4ndiga uppgifter.<\/li>\n\n\n\n<li>Beg\u00e4ra att dina personuppgifter raderas, om de inte l\u00e4ngre \u00e4r n\u00f6dv\u00e4ndiga f\u00f6r f\u00f6reningens syften.<\/li>\n\n\n\n<li>Inv\u00e4nda mot eller beg\u00e4ra begr\u00e4nsning av behandlingen av dina personuppgifter under vissa omst\u00e4ndigheter.<\/li>\n<\/ul>\n\n\n\n<p>F\u00f6r att ut\u00f6va dina r\u00e4ttigheter, kontakta oss via de kontaktuppgifter som anges nedan.<\/p>\n\n\n\n<p><strong>8. Kontaktuppgifter<\/strong> Har du fr\u00e5gor om denna policy eller hur vi behandlar dina personuppgifter? Kontakta oss: <a href=\"https:\/\/www.holmon.se\/hgef\/om-foreningen\/\" data-type=\"page\" data-id=\"27\">Om f\u00f6reningen<\/a>.<\/p>\n\n\n\n<p>Denna policy uppdaterades senast 2025-01-26.<\/p>\n\n\n\n<hr class=\"wp-block-separator has-alpha-channel-opacity\"\/>\n","protected":false},"excerpt":{"rendered":"<p>Holm\u00f6ns Garageintressenter ekonomisk f\u00f6rening Organisationsnummer: 716415-2576 1. Inledning Holm\u00f6ns Garageintressenter ekonomisk f\u00f6rening (h\u00e4danefter &#8221;f\u00f6reningen&#8221;) \u00e4r m\u00e5n om att skydda dina personuppgifter och behandla dem i enlighet med g\u00e4llande lagstiftning, inklusive dataskyddsf\u00f6rordningen (GDPR). Denna policy beskriver hur vi hanterar personuppgifter i v\u00e5rt medlemsregister. 2. Personuppgifter som behandlas F\u00f6reningen behandlar f\u00f6ljande personuppgifter om sina medlemmar samt personer &hellip; <a href=\"https:\/\/www.holmon.se\/hgef\/behandling-av-personuppgifter\/\" class=\"more-link\">Forts\u00e4tt l\u00e4sa <span class=\"screen-reader-text\">Behandling av personuppgifter<\/span> <span class=\"meta-nav\">&rarr;<\/span><\/a><\/p>\n","protected":false},"author":1,"featured_media":0,"parent":0,"menu_order":0,"comment_status":"closed","ping_status":"closed","template":"","meta":{"footnotes":""},"class_list":["post-301","page","type-page","status-publish","hentry"],"_links":{"self":[{"href":"https:\/\/www.holmon.se\/hgef\/wp-json\/wp\/v2\/pages\/301","targetHints":{"allow":["GET"]}}],"collection":[{"href":"https:\/\/www.holmon.se\/hgef\/wp-json\/wp\/v2\/pages"}],"about":[{"href":"https:\/\/www.holmon.se\/hgef\/wp-json\/wp\/v2\/types\/page"}],"author":[{"embeddable":true,"href":"https:\/\/www.holmon.se\/hgef\/wp-json\/wp\/v2\/users\/1"}],"replies":[{"embeddable":true,"href":"https:\/\/www.holmon.se\/hgef\/wp-json\/wp\/v2\/comments?post=301"}],"version-history":[{"count":1,"href":"https:\/\/www.holmon.se\/hgef\/wp-json\/wp\/v2\/pages\/301\/revisions"}],"predecessor-version":[{"id":303,"href":"https:\/\/www.holmon.se\/hgef\/wp-json\/wp\/v2\/pages\/301\/revisions\/303"}],"wp:attachment":[{"href":"https:\/\/www.holmon.se\/hgef\/wp-json\/wp\/v2\/media?parent=301"}],"curies":[{"name":"wp","href":"https:\/\/api.w.org\/{rel}","templated":true}]}}