{"id":128,"date":"2023-03-12T18:51:01","date_gmt":"2023-03-12T17:51:01","guid":{"rendered":"http:\/\/www.holmon.se\/hgef\/?page_id=128"},"modified":"2025-01-26T16:05:40","modified_gmt":"2025-01-26T15:05:40","slug":"parkeringsregler","status":"publish","type":"page","link":"https:\/\/www.holmon.se\/hgef\/parkeringsregler\/","title":{"rendered":"Parkeringsregler"},"content":{"rendered":"\n<p class=\"has-text-align-right\"><em>Regler senast \u00e4ndrade 2025-01-26<\/em><\/p>\n\n\n\n<h2 class=\"wp-block-heading\"><strong>Allm\u00e4nna regler och best\u00e4mmelser vid hyra av parkeringsplats via Holm\u00f6ns Garageintressenter ekonomisk f\u00f6rening<\/strong><\/h2>\n\n\n\n<p>Holm\u00f6ns Garageintressenter ekonomisk f\u00f6rening f\u00f6rfogar \u00f6ver ett antal parkeringsplatser vid f\u00e4rjel\u00e4get i Norrfj\u00e4rden, Robertsfors kommun. Dessa hyrs ut f\u00f6r att tillgodose behov f\u00f6r den som \u00e4ger eller p\u00e5 annat s\u00e4tt har stadigvarande anknytning till fastighet p\u00e5 Holm\u00f6n. Nedan f\u00f6ljer de regler som g\u00e4ller f\u00f6r hyra av parkeringsplats.<\/p>\n\n\n\n<p>Dessa best\u00e4mmelser kan komma att \u00e4ndras\/uppdateras vid behov av f\u00f6reningens styrelse och det \u00e4r Avtalsinnehavarens skyldighet att f\u00f6lja dessa best\u00e4mmelser och ta ansvar f\u00f6r att h\u00e5lla sig uppdaterad om dessa. Reglerna finns p\u00e5 f\u00f6reningens hemsida, <a href=\"http:\/\/www.holmon.se\/hgef\/parkeringsregler\/\">http:\/\/www.holmon.se\/hgef\/parkeringsregler\/<\/a>.<\/p>\n\n\n\n<p><strong>Parter<\/strong><\/p>\n\n\n\n<ul class=\"wp-block-list\">\n<li>Uthyrare: Holm\u00f6n Garageintressenter ekonomisk f\u00f6rening, nedan kallad HGEF<\/li>\n\n\n\n<li>Avtalsinnehavare: Person som hyr parkeringsplats av HGEF<\/li>\n<\/ul>\n\n\n\n<p><strong>Hyra av parkeringsplats<\/strong><\/p>\n\n\n\n<ul class=\"wp-block-list\">\n<li>Endast den som \u00e4ger eller har stadigvarande anknytning till fastighet p\u00e5 Holm\u00f6n har r\u00e4tt att hyra en parkeringsplats. Avtalsinnehavaren ansvarar f\u00f6r att s\u00e4ga upp sin plats om \u00e4gandeskap eller anknytning till fastighet upph\u00f6r.<\/li>\n\n\n\n<li>Styrelsen anvisar avtalshinnehavaren om plats f\u00f6r hyrd parkering och har r\u00e4tt justera parkeringsytan vid behov.<\/li>\n\n\n\n<li>Parkeringsplatsen hyrs ut i befintligt skick.<\/li>\n\n\n\n<li>Endast personbil i trafik som anv\u00e4nds f\u00f6r att underl\u00e4tta Avtalsinnehavarens transport till och fr\u00e5n Holm\u00f6n f\u00e5r uppl\u00e5tas p\u00e5 parkeringsplatsen.<\/li>\n\n\n\n<li>Nyttjander\u00e4tten, som parkeringsplatsen inneb\u00e4r, f\u00e5r ej \u00f6verl\u00e5tas eller inskrivas. Avtalsinnehavaren f\u00e5r ej heller hyra ut i andra hand eller \u00f6verl\u00e5ta avtalet till n\u00e5gon annan exempelvis genom arv. Undantag medges till partner\/sambo vid Avtalsinnehavarens bortg\u00e5ng, under f\u00f6ruts\u00e4ttning att partner\/sambo uppfyller \u00f6vriga villkor.<\/li>\n\n\n\n<li>HGEF har r\u00e4tt att s\u00e4ga upp Avtalet med omedelbar verkan vid regelbrott.<\/li>\n<\/ul>\n\n\n\n<p><strong>Underh\u00e5ll av hyrd parkeringsplats<\/strong><\/p>\n\n\n\n<ul class=\"wp-block-list\">\n<li>Avtalsinnehavaren ansvarar f\u00f6r underh\u00e5ll av parkeringsplats.<\/li>\n\n\n\n<li>Avtalsinnehavaren \u00e4r skyldig att h\u00e5lla parkeringsplatsen i st\u00e4dat och prydligt skick.<\/li>\n\n\n\n<li>Avtalsinnehavaren \u00e4r skyldig att klippa gr\u00e4set p\u00e5 sin parkeringsplats minst 1 g\u00e5ng per m\u00e5nad under juni, juli och augusti.<\/li>\n<\/ul>\n\n\n\n<p><strong>Avgift<\/strong><\/p>\n\n\n\n<ul class=\"wp-block-list\">\n<li>\u00c5rsavgiften, som g\u00e4ller 1\/5-30\/4, faktureras via e-post av f\u00f6reningen med 30 dagars betaltid.<\/li>\n\n\n\n<li>F\u00f6reningen \u00e4ger r\u00e4tt att justera \u00e5rsavgiften efter beslut av styrelsen.<\/li>\n\n\n\n<li>Vid tecknande av avtal efter sista oktober erl\u00e4ggs halv \u00e5rsavgift.<\/li>\n<\/ul>\n\n\n\n<p><strong>Upps\u00e4gning<\/strong><\/p>\n\n\n\n<ul class=\"wp-block-list\">\n<li>Avtalet f\u00f6rl\u00e4ngs m\u00e5nadsvis den f\u00f6rsta i varje m\u00e5nad om ingendera parten sagt upp avtalet skriftligen senast en m\u00e5nad i f\u00f6rv\u00e4g.<\/li>\n\n\n\n<li>Vid upps\u00e4gning f\u00f6re f\u00f6rsta oktober \u00e5terbetalas halv \u00e5rsavgift. Vid regelbrott \u00e5terbetalas dock ingen avgift.<\/li>\n\n\n\n<li>Senast vid avtalets upph\u00f6rande ska Avtalsinnehavaren ha f\u00f6rt bort sin personbil och l\u00e4mnat parkeringsplatsen i st\u00e4dat och prydligt skick. Underl\u00e5ter Avtalsinnehavaren att g\u00f6ra detta har HGEF r\u00e4tt att p\u00e5 Avtalsinnehavarens bekostnad t\u00f6mma parkeringsplatsen och \u00e5tg\u00e4rda eventuella brister.<\/li>\n<\/ul>\n\n\n\n<p><strong>Skada<\/strong><\/p>\n\n\n\n<ul class=\"wp-block-list\">\n<li>HGEF friskriver sig fr\u00e5n allt ansvar f\u00f6r skada p\u00e5 Avtalsinnehavarens personbil f\u00f6rutsatt att skadan inte uppkommit genom grov oaktsamhet fr\u00e5n HGEF:s sida.<\/li>\n<\/ul>\n\n\n\n<p><strong>\u00d6vrigt<\/strong><\/p>\n\n\n\n<ul class=\"wp-block-list\">\n<li>Avtalsinnehavaren ska vid infart till och utfart fr\u00e5n parkeringsplatsen anv\u00e4nda f\u00f6r \u00e4ndam\u00e5let iordningsst\u00e4llda in- och utfarter.<\/li>\n\n\n\n<li>Avtalsinnehavaren \u00e4r skyldig att meddela HGEF nya kontaktuppgifter om dessa \u00e4ndras under avtalsperioden.<\/li>\n<\/ul>\n\n\n\n<p><strong>Specifika regler utifr\u00e5n typ av hyrd parkeringsplats<\/strong><\/p>\n\n\n\n<p><strong>Parkeringsplats med motorv\u00e4rmare<\/strong> (2200 kr\/\u00e5r, ca 3 kr\/kWh)<\/p>\n\n\n\n<ul class=\"wp-block-list\">\n<li>Det \u00e4r ej till\u00e5tet att koppla in f\u00f6rbrukare med st\u00f6rre sammanlagd str\u00f6mf\u00f6rbrukning \u00e4n 10A.<\/li>\n\n\n\n<li>Det \u00e4r ej till\u00e5tet att ha motor-\/kup\u00e9v\u00e4rmare anslutna utan att begr\u00e4nsa anv\u00e4ndningen med hj\u00e4lp av en timer.<\/li>\n\n\n\n<li>Laddning av el-bil \u00e4r ej till\u00e5ten.<\/li>\n\n\n\n<li>Avtalsinnehavaren \u00e4r skyldig att sj\u00e4lv sk\u00f6ta viss sn\u00f6skottning av sin parkeringsplats.<\/li>\n\n\n\n<li>Det \u00e5ligger avtalsinnehavaren att vara uppm\u00e4rksam s\u00e5 att parkering inte sker n\u00e4r risk f\u00f6r sn\u00f6ras fr\u00e5n tak f\u00f6religger.<\/li>\n\n\n\n<li>Rapportering av elm\u00e4tarst\u00e4llning skall g\u00f6ras mellan 1:a maj och 31:a augusti varje \u00e5r p\u00e5 <a href=\"http:\/\/www.holmon.se\/hgef-el\/\">http:\/\/www.holmon.se\/hgef-el\/<\/a>. Utebliven avl\u00e4sning medf\u00f6r en straffavgift p\u00e5 200 kr.<\/li>\n<\/ul>\n\n\n\n<p><strong>Parkeringsplats utan motorv\u00e4rmare<\/strong> (1400 kr\/\u00e5r)<\/p>\n\n\n\n<ul class=\"wp-block-list\">\n<li>Avtalsinnehavaren \u00e4r skyldig att sj\u00e4lv sk\u00f6ta viss sn\u00f6skottning av sin parkeringsplats.<\/li>\n\n\n\n<li>Det \u00e5ligger avtalsinnehavaren att vara uppm\u00e4rksam s\u00e5 att parkering inte sker n\u00e4r risk f\u00f6r sn\u00f6ras fr\u00e5n tak f\u00f6religger.<\/li>\n<\/ul>\n\n\n\n<p><strong>Parkeringsplats utan motorv\u00e4rmare under sn\u00f6fri del av \u00e5ret<\/strong> (700 kr\/\u00e5r)<\/p>\n\n\n\n<ul class=\"wp-block-list\">\n<li>Parkeringsplatsen f\u00e5r endast anv\u00e4ndas under sn\u00f6fri tid av \u00e5ret.<\/li>\n<\/ul>\n","protected":false},"excerpt":{"rendered":"<p>Regler senast \u00e4ndrade 2025-01-26 Allm\u00e4nna regler och best\u00e4mmelser vid hyra av parkeringsplats via Holm\u00f6ns Garageintressenter ekonomisk f\u00f6rening Holm\u00f6ns Garageintressenter ekonomisk f\u00f6rening f\u00f6rfogar \u00f6ver ett antal parkeringsplatser vid f\u00e4rjel\u00e4get i Norrfj\u00e4rden, Robertsfors kommun. Dessa hyrs ut f\u00f6r att tillgodose behov f\u00f6r den som \u00e4ger eller p\u00e5 annat s\u00e4tt har stadigvarande anknytning till fastighet p\u00e5 Holm\u00f6n. Nedan &hellip; <a href=\"https:\/\/www.holmon.se\/hgef\/parkeringsregler\/\" class=\"more-link\">Forts\u00e4tt l\u00e4sa <span class=\"screen-reader-text\">Parkeringsregler<\/span> <span class=\"meta-nav\">&rarr;<\/span><\/a><\/p>\n","protected":false},"author":1,"featured_media":0,"parent":0,"menu_order":0,"comment_status":"closed","ping_status":"closed","template":"","meta":{"footnotes":""},"class_list":["post-128","page","type-page","status-publish","hentry"],"_links":{"self":[{"href":"https:\/\/www.holmon.se\/hgef\/wp-json\/wp\/v2\/pages\/128","targetHints":{"allow":["GET"]}}],"collection":[{"href":"https:\/\/www.holmon.se\/hgef\/wp-json\/wp\/v2\/pages"}],"about":[{"href":"https:\/\/www.holmon.se\/hgef\/wp-json\/wp\/v2\/types\/page"}],"author":[{"embeddable":true,"href":"https:\/\/www.holmon.se\/hgef\/wp-json\/wp\/v2\/users\/1"}],"replies":[{"embeddable":true,"href":"https:\/\/www.holmon.se\/hgef\/wp-json\/wp\/v2\/comments?post=128"}],"version-history":[{"count":12,"href":"https:\/\/www.holmon.se\/hgef\/wp-json\/wp\/v2\/pages\/128\/revisions"}],"predecessor-version":[{"id":299,"href":"https:\/\/www.holmon.se\/hgef\/wp-json\/wp\/v2\/pages\/128\/revisions\/299"}],"wp:attachment":[{"href":"https:\/\/www.holmon.se\/hgef\/wp-json\/wp\/v2\/media?parent=128"}],"curies":[{"name":"wp","href":"https:\/\/api.w.org\/{rel}","templated":true}]}}