{"id":12,"date":"2020-02-18T08:43:42","date_gmt":"2020-02-18T07:43:42","guid":{"rendered":"http:\/\/www.holmon.se\/hgef\/?page_id=12"},"modified":"2024-04-29T21:14:37","modified_gmt":"2024-04-29T19:14:37","slug":"styrelse","status":"publish","type":"page","link":"https:\/\/www.holmon.se\/hgef\/styrelse\/","title":{"rendered":"Styrelse"},"content":{"rendered":"\n<p><strong>Styrelseledam\u00f6ter<\/strong><br>Pernilla Jonsson (ordf\u00f6rande), holmonsgarageintressenter@gmail.com, 070-3308090<br>Anders Lundgren (sekreterare)<br>Joar Sandstr\u00f6m<\/p>\n\n\n\n<p><strong>Styrelsesuppleanter<\/strong><br>Fredrik Domeij<\/p>\n\n\n\n<p><strong>Revisorer<\/strong><br>Gustaf Egnell<br>Olle Nygren<\/p>\n\n\n\n<p><strong>Revisorsuppleant<\/strong><br>Erik Berntsson<\/p>\n\n\n\n<p><strong>Kass\u00f6r<\/strong><br>Fredrik Domeij, fredrik@frecon.se, 070-3037836<\/p>\n","protected":false},"excerpt":{"rendered":"<p>Styrelseledam\u00f6terPernilla Jonsson (ordf\u00f6rande), holmonsgarageintressenter@gmail.com, 070-3308090Anders Lundgren (sekreterare)Joar Sandstr\u00f6m StyrelsesuppleanterFredrik Domeij RevisorerGustaf EgnellOlle Nygren RevisorsuppleantErik Berntsson Kass\u00f6rFredrik Domeij, fredrik@frecon.se, 070-3037836<\/p>\n","protected":false},"author":1,"featured_media":0,"parent":0,"menu_order":0,"comment_status":"closed","ping_status":"closed","template":"","meta":{"footnotes":""},"class_list":["post-12","page","type-page","status-publish","hentry"],"_links":{"self":[{"href":"https:\/\/www.holmon.se\/hgef\/wp-json\/wp\/v2\/pages\/12","targetHints":{"allow":["GET"]}}],"collection":[{"href":"https:\/\/www.holmon.se\/hgef\/wp-json\/wp\/v2\/pages"}],"about":[{"href":"https:\/\/www.holmon.se\/hgef\/wp-json\/wp\/v2\/types\/page"}],"author":[{"embeddable":true,"href":"https:\/\/www.holmon.se\/hgef\/wp-json\/wp\/v2\/users\/1"}],"replies":[{"embeddable":true,"href":"https:\/\/www.holmon.se\/hgef\/wp-json\/wp\/v2\/comments?post=12"}],"version-history":[{"count":6,"href":"https:\/\/www.holmon.se\/hgef\/wp-json\/wp\/v2\/pages\/12\/revisions"}],"predecessor-version":[{"id":256,"href":"https:\/\/www.holmon.se\/hgef\/wp-json\/wp\/v2\/pages\/12\/revisions\/256"}],"wp:attachment":[{"href":"https:\/\/www.holmon.se\/hgef\/wp-json\/wp\/v2\/media?parent=12"}],"curies":[{"name":"wp","href":"https:\/\/api.w.org\/{rel}","templated":true}]}}