{"id":7,"date":"2020-07-23T22:00:46","date_gmt":"2020-07-23T20:00:46","guid":{"rendered":"http:\/\/www.holmon.se\/hamnforeningen\/?page_id=7"},"modified":"2025-08-10T12:25:24","modified_gmt":"2025-08-10T10:25:24","slug":"dokument","status":"publish","type":"page","link":"https:\/\/www.holmon.se\/hamnforeningen\/dokument\/","title":{"rendered":"Dokument"},"content":{"rendered":"\n<h2 class=\"wp-block-heading\">Vision och handlingsplan<\/h2>\n\n\n\n<div class=\"wp-block-file\"><a id=\"wp-block-file--media-5c47d1f8-abaf-4456-b15d-44ea91a54dd2\" href=\"http:\/\/www.holmon.se\/hamnforeningen\/wp-content\/uploads\/sites\/4\/2020\/07\/handlingsplan-sommaren-2019.pdf\">Handlingsplan sommaren 2019<\/a><\/div>\n\n\n\n<div class=\"wp-block-file\"><a id=\"wp-block-file--media-f8283cef-2f96-4907-bb28-7039c11f332c\" href=\"http:\/\/www.holmon.se\/hamnforeningen\/wp-content\/uploads\/sites\/4\/2020\/07\/hamnvision-2008.pdf\">Hamnvision 2008<\/a><\/div>\n\n\n\n<h2 class=\"wp-block-heading\">\u00c5rsst\u00e4mma 2025-07-19<\/h2>\n\n\n\n<div class=\"wp-block-file\"><a id=\"wp-block-file--media-9adeaba7-ddc8-4bb7-9e3a-66f08c7a1bec\" href=\"https:\/\/www.holmon.se\/hamnforeningen\/wp-content\/uploads\/sites\/4\/2025\/08\/Kallelse-till-foreningsstamma.pdf\" target=\"_blank\" rel=\"noreferrer noopener\">Kallelse till f\u00f6reningsst\u00e4mma<\/a><\/div>\n\n\n\n<div class=\"wp-block-file\"><a id=\"wp-block-file--media-65e195f6-3d99-41ad-81a2-9d46fd2cc84f\" href=\"https:\/\/www.holmon.se\/hamnforeningen\/wp-content\/uploads\/sites\/4\/2025\/08\/Arsredovisning-2024-2025.pdf\" target=\"_blank\" rel=\"noreferrer noopener\">\u00c5rsredovisning 2024-2025<\/a><\/div>\n\n\n\n<div class=\"wp-block-file\"><a id=\"wp-block-file--media-3cb1c64e-8e6c-40d6-a55a-a526eb28ca89\" href=\"https:\/\/www.holmon.se\/hamnforeningen\/wp-content\/uploads\/sites\/4\/2025\/08\/Protokoll-Arsstamma-i-HBEF-2025.pdf\" target=\"_blank\" rel=\"noreferrer noopener\">Protokoll \u00c5rsst\u00e4mma i BHEF 2025<\/a><\/div>\n\n\n\n<h2 class=\"wp-block-heading\">\u00c5rsst\u00e4mma 2024-06-16<\/h2>\n\n\n\n<div class=\"wp-block-file\"><a id=\"wp-block-file--media-3dd2940d-9dc8-4f23-a5c6-5474df029c1d\" href=\"http:\/\/www.holmon.se\/hamnforeningen\/wp-content\/uploads\/sites\/4\/2024\/06\/Kallelse-till-foreningsstamma.pdf\" target=\"_blank\" rel=\"noreferrer noopener\">Kallelse-till-foreningsstamma 2024<\/a><\/div>\n\n\n\n<div class=\"wp-block-file\"><a id=\"wp-block-file--media-e1375237-0cbe-459d-aa62-e27cbbf423fc\" href=\"https:\/\/www.holmon.se\/hamnforeningen\/wp-content\/uploads\/sites\/4\/2025\/08\/Arsredovisning-2023-2024-1.pdf\" target=\"_blank\" rel=\"noreferrer noopener\">\u00c5rsredovisning 2023-2024<\/a><\/div>\n\n\n\n<div class=\"wp-block-file\"><a id=\"wp-block-file--media-44d0c062-0639-4215-a73d-ea18abf11939\" href=\"https:\/\/www.holmon.se\/hamnforeningen\/wp-content\/uploads\/sites\/4\/2025\/08\/Arsmotesprotokoll-1.pdf\" target=\"_blank\" rel=\"noreferrer noopener\">\u00c5rsm\u00f6tesprotokoll 2024<\/a><\/div>\n\n\n\n<h2 class=\"wp-block-heading\">\u00c5rsst\u00e4mma 2023-05-27<\/h2>\n\n\n\n<div class=\"wp-block-file\"><a id=\"wp-block-file--media-e5835753-7e9e-49f7-b8fc-35652e7b82f2\" href=\"http:\/\/www.holmon.se\/hamnforeningen\/wp-content\/uploads\/sites\/4\/2023\/05\/Kallelse-till-Arsmote-i-Hamnforeningen-2023.pdf\" target=\"_blank\" rel=\"noreferrer noopener\">Kallelse till \u00c5rsm\u00f6te i Hamnf\u00f6reningen 2023<\/a><\/div>\n\n\n\n<div class=\"wp-block-file\"><a id=\"wp-block-file--media-1feb553b-70aa-4928-8ab3-a92f694f83ef\" href=\"https:\/\/www.holmon.se\/hamnforeningen\/wp-content\/uploads\/sites\/4\/2025\/08\/Arsredovisning-2022-2023.pdf\" target=\"_blank\" rel=\"noreferrer noopener\">\u00c5rsredovisning 2022-2023<\/a><\/div>\n\n\n\n<div class=\"wp-block-file\"><a id=\"wp-block-file--media-e32848d0-bba5-4ba7-a2c2-50374ad0d1c9\" href=\"https:\/\/www.holmon.se\/hamnforeningen\/wp-content\/uploads\/sites\/4\/2025\/08\/Arsmotesprotokoll.pdf\" target=\"_blank\" rel=\"noreferrer noopener\">\u00c5rsm\u00f6tesprotokoll 2023<\/a><\/div>\n\n\n\n<h2 class=\"wp-block-heading\">\u00c5rsst\u00e4mma 2022-07-24<\/h2>\n\n\n\n<div class=\"wp-block-file\"><a id=\"wp-block-file--media-de69acd4-0f77-4e23-b709-256caeff3f42\" href=\"http:\/\/www.holmon.se\/hamnforeningen\/wp-content\/uploads\/sites\/4\/2022\/07\/arsmoteskallelse_2022.pdf\">\u00c5rsm\u00f6teskallelse 2022<\/a><\/div>\n\n\n\n<div class=\"wp-block-file\"><a id=\"wp-block-file--media-f2ae7a41-62ab-47ef-8b48-b752b21faa75\" href=\"http:\/\/www.holmon.se\/hamnforeningen\/wp-content\/uploads\/sites\/4\/2022\/07\/Arsredovisning-2021-2022.pdf\">\u00c5rsredovisning 2021-2022<\/a><\/div>\n\n\n\n<div class=\"wp-block-file\"><a id=\"wp-block-file--media-0bbd2b46-d6cc-42f3-9f33-eba71d9ea9c8\" href=\"http:\/\/www.holmon.se\/hamnforeningen\/wp-content\/uploads\/sites\/4\/2022\/11\/220724-arsmotesprotokoll.pdf\">\u00c5rsm\u00f6tesprotokoll 2022<\/a><\/div>\n\n\n\n<h2 class=\"wp-block-heading\">\u00c5rsst\u00e4mma 2021-07-31<\/h2>\n\n\n\n<div class=\"wp-block-file\"><a id=\"wp-block-file--media-a31202f8-fed6-4714-b7a5-4530a7ef78d7\" href=\"https:\/\/www.holmon.se\/hamnforeningen\/wp-content\/uploads\/sites\/4\/2025\/08\/Arsredovisning-2020-2021.pdf\" target=\"_blank\" rel=\"noreferrer noopener\">\u00c5rsredovisning 2020-2021<\/a><\/div>\n\n\n\n<div class=\"wp-block-file\"><a id=\"wp-block-file--media-dd235211-0426-4248-ba96-3117ec26ac26\" href=\"http:\/\/www.holmon.se\/hamnforeningen\/wp-content\/uploads\/sites\/4\/2021\/12\/Protokoll-Arsmote-2021-07-31.pdf\" target=\"_blank\" rel=\"noreferrer noopener\">Protokoll \u00c5rsmote 2021-07-31<\/a><\/div>\n\n\n\n<h2 class=\"wp-block-heading\">\u00c5rsst\u00e4mma 2020-07-25<\/h2>\n\n\n\n<div class=\"wp-block-file\"><a id=\"wp-block-file--media-ed56587a-7508-497f-a546-f78ae87c0c10\" href=\"http:\/\/www.holmon.se\/hamnforeningen\/wp-content\/uploads\/sites\/4\/2020\/07\/arsredovisning-2019-2020.pdf\">\u00c5rsredovisning 2019-2020<\/a><\/div>\n\n\n\n<div class=\"wp-block-file\"><a id=\"wp-block-file--media-373b9f36-4b3e-4b48-b8b6-e8ec9307f379\" href=\"http:\/\/www.holmon.se\/hamnforeningen\/wp-content\/uploads\/sites\/4\/2020\/08\/200725-arsmotesprotokoll.pdf\">\u00c5rsm\u00f6tesprotokoll 2020<\/a><\/div>\n\n\n\n<h2 class=\"wp-block-heading\">Extrast\u00e4mma 2020-05-30<\/h2>\n\n\n\n<div class=\"wp-block-file\"><a id=\"wp-block-file--media-38d50cda-f520-4af1-a857-e9d0d9fad530\" href=\"http:\/\/www.holmon.se\/hamnforeningen\/wp-content\/uploads\/sites\/4\/2020\/07\/kallelse-extra-foreningsstamma-200530.pdf\">Kallelse extra f\u00f6reningsst\u00e4mma 2020-05-30<\/a><\/div>\n\n\n\n<div class=\"wp-block-file\"><a id=\"wp-block-file--media-b499f8ec-5190-4b10-a2d6-b303fdf341c9\" href=\"http:\/\/www.holmon.se\/hamnforeningen\/wp-content\/uploads\/sites\/4\/2020\/07\/arsredovisning-2018-2019.pdf\">\u00c5rsredovisning 2018-2019<\/a><\/div>\n\n\n\n<div class=\"wp-block-file\"><a id=\"wp-block-file--media-b472e50b-14c0-41b0-abc2-b47cd50b03a8\" href=\"http:\/\/www.holmon.se\/hamnforeningen\/wp-content\/uploads\/sites\/4\/2020\/07\/protokoll-extra-foreningsstamma-200530.pdf\">Protokoll extra f\u00f6reningsst\u00e4mma 2020-05-30<\/a><\/div>\n\n\n\n<h2 class=\"wp-block-heading\">\u00c5rsst\u00e4mma 2019-07-27<\/h2>\n\n\n\n<div class=\"wp-block-file\"><a id=\"wp-block-file--media-7496a7fe-e479-4828-b370-421868608546\" href=\"https:\/\/www.holmon.se\/hamnforeningen\/wp-content\/uploads\/sites\/4\/2025\/08\/Arsredovisning-2018-2019.pdf\" target=\"_blank\" rel=\"noreferrer noopener\">\u00c5rsredovisning-2018-2019<\/a><\/div>\n\n\n\n<div class=\"wp-block-file\"><a id=\"wp-block-file--media-9d389ae5-b3a7-4cf8-900b-1c9ca29ae3c1\" href=\"http:\/\/www.holmon.se\/hamnforeningen\/wp-content\/uploads\/sites\/4\/2020\/07\/arsmotesprotokoll-190727.pdf\">\u00c5rsm\u00f6tesprotokoll 2019-07-27<\/a><\/div>\n\n\n\n<h2 class=\"wp-block-heading\">\u00c5rsst\u00e4mma 2018-07-24<\/h2>\n\n\n\n<div class=\"wp-block-file\"><a id=\"wp-block-file--media-20c03e42-e969-4b8d-9ad5-3bdd379a50e0\" href=\"http:\/\/www.holmon.se\/hamnforeningen\/wp-content\/uploads\/sites\/4\/2020\/07\/arsredovisning-2017-2018.pdf\">\u00c5rsredovisning 2017-2018<\/a><\/div>\n\n\n\n<div class=\"wp-block-file\"><a id=\"wp-block-file--media-2d9144c4-c7a0-47ef-97e3-6d2204d89855\" href=\"http:\/\/www.holmon.se\/hamnforeningen\/wp-content\/uploads\/sites\/4\/2020\/07\/arsmotesprotokoll-180714.pdf\">\u00c5rsm\u00f6tesprotokoll 2018-07-24<\/a><\/div>\n\n\n\n<h2 class=\"wp-block-heading\">Stadgar<\/h2>\n\n\n\n<div class=\"wp-block-file\"><a id=\"wp-block-file--media-78cb6ea8-f14e-40c9-a49b-589363b5369b\" href=\"http:\/\/www.holmon.se\/hamnforeningen\/wp-content\/uploads\/sites\/4\/2020\/07\/stadgar-080407.pdf\">Stadgar 2008-04-07<\/a><\/div>\n\n\n\n<h2 class=\"wp-block-heading\">Arrenden<\/h2>\n\n\n\n<div class=\"wp-block-file\"><a id=\"wp-block-file--media-78021499-69fe-4f5b-9d4d-76f0f3e87df8\" href=\"http:\/\/www.holmon.se\/hamnforeningen\/wp-content\/uploads\/sites\/4\/2024\/05\/overlatelseanmalan_arrende.pdf\">\u00d6verl\u00e5telseanm\u00e4lan arrende<\/a><\/div>\n\n\n\n<h2 class=\"wp-block-heading\">\u00c4ldre dokument<\/h2>\n\n\n\n<p>\u00c4ldre dokument och annan gammal information finns p\u00e5 f\u00f6reningens f\u00f6rra hemsida, <a href=\"http:\/\/www.holmon.se\/holmon-com\/byviken\/hamnforening.html\">http:\/\/www.holmon.se\/holmon-com\/byviken\/hamnforening.html<\/a><\/p>\n","protected":false},"excerpt":{"rendered":"<p>Vision och handlingsplan \u00c5rsst\u00e4mma 2025-07-19 \u00c5rsst\u00e4mma 2024-06-16 \u00c5rsst\u00e4mma 2023-05-27 \u00c5rsst\u00e4mma 2022-07-24 \u00c5rsst\u00e4mma 2021-07-31 \u00c5rsst\u00e4mma 2020-07-25 Extrast\u00e4mma 2020-05-30 \u00c5rsst\u00e4mma 2019-07-27 \u00c5rsst\u00e4mma 2018-07-24 Stadgar Arrenden \u00c4ldre dokument \u00c4ldre dokument och annan gammal information finns p\u00e5 f\u00f6reningens f\u00f6rra hemsida, http:\/\/www.holmon.se\/holmon-com\/byviken\/hamnforening.html<\/p>\n","protected":false},"author":1,"featured_media":0,"parent":0,"menu_order":0,"comment_status":"closed","ping_status":"closed","template":"","meta":{"footnotes":""},"class_list":["post-7","page","type-page","status-publish","hentry"],"_links":{"self":[{"href":"https:\/\/www.holmon.se\/hamnforeningen\/wp-json\/wp\/v2\/pages\/7","targetHints":{"allow":["GET"]}}],"collection":[{"href":"https:\/\/www.holmon.se\/hamnforeningen\/wp-json\/wp\/v2\/pages"}],"about":[{"href":"https:\/\/www.holmon.se\/hamnforeningen\/wp-json\/wp\/v2\/types\/page"}],"author":[{"embeddable":true,"href":"https:\/\/www.holmon.se\/hamnforeningen\/wp-json\/wp\/v2\/users\/1"}],"replies":[{"embeddable":true,"href":"https:\/\/www.holmon.se\/hamnforeningen\/wp-json\/wp\/v2\/comments?post=7"}],"version-history":[{"count":27,"href":"https:\/\/www.holmon.se\/hamnforeningen\/wp-json\/wp\/v2\/pages\/7\/revisions"}],"predecessor-version":[{"id":268,"href":"https:\/\/www.holmon.se\/hamnforeningen\/wp-json\/wp\/v2\/pages\/7\/revisions\/268"}],"wp:attachment":[{"href":"https:\/\/www.holmon.se\/hamnforeningen\/wp-json\/wp\/v2\/media?parent=7"}],"curies":[{"name":"wp","href":"https:\/\/api.w.org\/{rel}","templated":true}]}}